{"id":487,"date":"2026-03-12T22:51:37","date_gmt":"2026-03-13T03:51:37","guid":{"rendered":"https:\/\/carlosgonzalezr.com\/v02\/?page_id=487"},"modified":"2026-03-16T23:17:01","modified_gmt":"2026-03-17T04:17:01","slug":"noticias-2","status":"publish","type":"page","link":"https:\/\/carlosgonzalezr.com\/v02\/noticias-2\/","title":{"rendered":"Noticias"},"content":{"rendered":"\t\t<div data-elementor-type=\"wp-page\" data-elementor-id=\"487\" class=\"elementor elementor-487\">\n\t\t\t\t<div class=\"elementor-element elementor-element-67214ab5 e-flex e-con-boxed e-con e-parent\" data-id=\"67214ab5\" data-element_type=\"container\" data-e-type=\"container\" data-settings=\"{&quot;background_background&quot;:&quot;classic&quot;}\">\n\t\t\t\t\t<div class=\"e-con-inner\">\n\t\t<div class=\"elementor-element elementor-element-199eb9d e-con-full e-flex e-con e-child\" data-id=\"199eb9d\" data-element_type=\"container\" data-e-type=\"container\">\n\t\t<div class=\"elementor-element elementor-element-35769ea0 e-con-full e-flex e-con e-child\" data-id=\"35769ea0\" data-element_type=\"container\" data-e-type=\"container\">\n\t\t\t\t<div class=\"elementor-element elementor-element-67474477 elementor-position-top elementor-widget elementor-widget-image-box\" data-id=\"67474477\" data-element_type=\"widget\" data-e-type=\"widget\" data-widget_type=\"image-box.default\">\n\t\t\t\t\t<div class=\"elementor-image-box-wrapper\"><figure class=\"elementor-image-box-img\"><a href=\"https:\/\/carlosgonzalezr.com\/v02\/2026\/02\/25\/el-instituto-sanmartiniano-del-peru-distingue-a-carlos-gonzalez-ramirez-por-el-monumento-de-paracas\/\" tabindex=\"-1\"><img fetchpriority=\"high\" decoding=\"async\" width=\"1000\" height=\"600\" src=\"https:\/\/carlosgonzalezr.com\/v02\/wp-content\/uploads\/2026\/03\/Diseno-sin-titulo-14.png\" class=\"attachment-full size-full wp-image-519\" alt=\"\" srcset=\"https:\/\/carlosgonzalezr.com\/v02\/wp-content\/uploads\/2026\/03\/Diseno-sin-titulo-14.png 1000w, https:\/\/carlosgonzalezr.com\/v02\/wp-content\/uploads\/2026\/03\/Diseno-sin-titulo-14-300x180.png 300w, https:\/\/carlosgonzalezr.com\/v02\/wp-content\/uploads\/2026\/03\/Diseno-sin-titulo-14-768x461.png 768w\" sizes=\"(max-width: 1000px) 100vw, 1000px\" \/><\/a><\/figure><div class=\"elementor-image-box-content\"><h3 class=\"elementor-image-box-title\"><a href=\"https:\/\/carlosgonzalezr.com\/v02\/2026\/02\/25\/el-instituto-sanmartiniano-del-peru-distingue-a-carlos-gonzalez-ramirez-por-el-monumento-de-paracas\/\">El Instituto Sanmartiniano del Per\u00fa distingue a Carlos Gonz\u00e1lez Ram\u00edrez por el monumento a la Expedici\u00f3n Libertadora<\/a><\/h3><\/div><\/div>\t\t\t\t<\/div>\n\t\t\t\t<div class=\"elementor-element elementor-element-7a98728 elementor-widget elementor-widget-text-editor\" data-id=\"7a98728\" data-element_type=\"widget\" data-e-type=\"widget\" data-widget_type=\"text-editor.default\">\n\t\t\t\t\t\t\t\t\t<p>24 &#8211; 02 &#8211; 2026<\/p>\t\t\t\t\t\t\t\t<\/div>\n\t\t\t\t<\/div>\n\t\t<div class=\"elementor-element elementor-element-4d1c63f1 e-con-full e-flex e-con e-child\" data-id=\"4d1c63f1\" data-element_type=\"container\" data-e-type=\"container\">\n\t\t\t\t<div class=\"elementor-element elementor-element-316d92f1 elementor-position-top elementor-widget elementor-widget-image-box\" data-id=\"316d92f1\" data-element_type=\"widget\" data-e-type=\"widget\" data-widget_type=\"image-box.default\">\n\t\t\t\t\t<div class=\"elementor-image-box-wrapper\"><figure class=\"elementor-image-box-img\"><img decoding=\"async\" width=\"1000\" height=\"600\" src=\"https:\/\/carlosgonzalezr.com\/v02\/wp-content\/uploads\/2026\/03\/Diseno-sin-titulo-13.png\" class=\"attachment-full size-full wp-image-518\" alt=\"\" srcset=\"https:\/\/carlosgonzalezr.com\/v02\/wp-content\/uploads\/2026\/03\/Diseno-sin-titulo-13.png 1000w, https:\/\/carlosgonzalezr.com\/v02\/wp-content\/uploads\/2026\/03\/Diseno-sin-titulo-13-300x180.png 300w, https:\/\/carlosgonzalezr.com\/v02\/wp-content\/uploads\/2026\/03\/Diseno-sin-titulo-13-768x461.png 768w\" sizes=\"(max-width: 1000px) 100vw, 1000px\" \/><\/figure><div class=\"elementor-image-box-content\"><h3 class=\"elementor-image-box-title\">El Ej\u00e9rcito del Per\u00fa reconoce la trayectoria de Carlos Gonz\u00e1lez Ram\u00edrez<\/h3><\/div><\/div>\t\t\t\t<\/div>\n\t\t\t\t<div class=\"elementor-element elementor-element-5ba4f4c elementor-widget elementor-widget-text-editor\" data-id=\"5ba4f4c\" data-element_type=\"widget\" data-e-type=\"widget\" data-widget_type=\"text-editor.default\">\n\t\t\t\t\t\t\t\t\t<p>25 &#8211; 02 &#8211; 2026<\/p>\t\t\t\t\t\t\t\t<\/div>\n\t\t\t\t<\/div>\n\t\t<div class=\"elementor-element elementor-element-e3888b6 e-con-full e-flex e-con e-child\" data-id=\"e3888b6\" data-element_type=\"container\" data-e-type=\"container\">\n\t\t\t\t<div class=\"elementor-element elementor-element-0eb9831 elementor-position-top elementor-widget elementor-widget-image-box\" data-id=\"0eb9831\" data-element_type=\"widget\" data-e-type=\"widget\" data-widget_type=\"image-box.default\">\n\t\t\t\t\t<div class=\"elementor-image-box-wrapper\"><figure class=\"elementor-image-box-img\"><a href=\"https:\/\/carlosgonzalezr.com\/v02\/2026\/03\/16\/monumento-al-general-jose-de-san-martin-y-a-la-expedicion-libertadora\/\" tabindex=\"-1\"><img decoding=\"async\" width=\"1067\" height=\"1690\" src=\"https:\/\/carlosgonzalezr.com\/v02\/wp-content\/uploads\/2026\/03\/monumento-de-jose-san-martin-paracas-peru-113100307-1.jpg\" class=\"attachment-full size-full wp-image-569\" alt=\"\" srcset=\"https:\/\/carlosgonzalezr.com\/v02\/wp-content\/uploads\/2026\/03\/monumento-de-jose-san-martin-paracas-peru-113100307-1.jpg 1067w, https:\/\/carlosgonzalezr.com\/v02\/wp-content\/uploads\/2026\/03\/monumento-de-jose-san-martin-paracas-peru-113100307-1-189x300.jpg 189w, https:\/\/carlosgonzalezr.com\/v02\/wp-content\/uploads\/2026\/03\/monumento-de-jose-san-martin-paracas-peru-113100307-1-647x1024.jpg 647w, https:\/\/carlosgonzalezr.com\/v02\/wp-content\/uploads\/2026\/03\/monumento-de-jose-san-martin-paracas-peru-113100307-1-768x1216.jpg 768w, https:\/\/carlosgonzalezr.com\/v02\/wp-content\/uploads\/2026\/03\/monumento-de-jose-san-martin-paracas-peru-113100307-1-970x1536.jpg 970w\" sizes=\"(max-width: 1067px) 100vw, 1067px\" \/><\/a><\/figure><div class=\"elementor-image-box-content\"><h3 class=\"elementor-image-box-title\"><a href=\"https:\/\/carlosgonzalezr.com\/v02\/2026\/03\/16\/monumento-al-general-jose-de-san-martin-y-a-la-expedicion-libertadora\/\">Monumento al general Jos\u00e9 de San Mart\u00edn y a la Expedici\u00f3n Libertadora<\/a><\/h3><\/div><\/div>\t\t\t\t<\/div>\n\t\t\t\t<div class=\"elementor-element elementor-element-263a37f elementor-widget elementor-widget-text-editor\" data-id=\"263a37f\" data-element_type=\"widget\" data-e-type=\"widget\" data-widget_type=\"text-editor.default\">\n\t\t\t\t\t\t\t\t\t<p>16 &#8211; 03 &#8211; 2026<\/p>\t\t\t\t\t\t\t\t<\/div>\n\t\t\t\t<\/div>\n\t\t\t\t<\/div>\n\t\t\t\t\t<\/div>\n\t\t\t\t<\/div>\n\t\t\t\t<\/div>\n\t\t","protected":false},"excerpt":{"rendered":"<p>El Instituto Sanmartiniano del Per\u00fa distingue a Carlos Gonz\u00e1lez Ram\u00edrez por el monumento a la Expedici\u00f3n Libertadora 24 &#8211; 02 &#8211; 2026 El Ej\u00e9rcito del Per\u00fa reconoce la trayectoria de Carlos Gonz\u00e1lez Ram\u00edrez 25 &#8211; 02 &#8211; 2026 Monumento al general Jos\u00e9 de San Mart\u00edn y a la Expedici\u00f3n Libertadora 16 &#8211; 03 &#8211; 2026<\/p>\n","protected":false},"author":1,"featured_media":0,"parent":0,"menu_order":0,"comment_status":"closed","ping_status":"closed","template":"","meta":{"footnotes":""},"class_list":["post-487","page","type-page","status-publish","hentry"],"_links":{"self":[{"href":"https:\/\/carlosgonzalezr.com\/v02\/wp-json\/wp\/v2\/pages\/487","targetHints":{"allow":["GET"]}}],"collection":[{"href":"https:\/\/carlosgonzalezr.com\/v02\/wp-json\/wp\/v2\/pages"}],"about":[{"href":"https:\/\/carlosgonzalezr.com\/v02\/wp-json\/wp\/v2\/types\/page"}],"author":[{"embeddable":true,"href":"https:\/\/carlosgonzalezr.com\/v02\/wp-json\/wp\/v2\/users\/1"}],"replies":[{"embeddable":true,"href":"https:\/\/carlosgonzalezr.com\/v02\/wp-json\/wp\/v2\/comments?post=487"}],"version-history":[{"count":8,"href":"https:\/\/carlosgonzalezr.com\/v02\/wp-json\/wp\/v2\/pages\/487\/revisions"}],"predecessor-version":[{"id":572,"href":"https:\/\/carlosgonzalezr.com\/v02\/wp-json\/wp\/v2\/pages\/487\/revisions\/572"}],"wp:attachment":[{"href":"https:\/\/carlosgonzalezr.com\/v02\/wp-json\/wp\/v2\/media?parent=487"}],"curies":[{"name":"wp","href":"https:\/\/api.w.org\/{rel}","templated":true}]}}