{"id":125,"date":"2026-02-12T23:10:25","date_gmt":"2026-02-13T04:10:25","guid":{"rendered":"https:\/\/carlosgonzalezr.com\/v02\/?page_id=125"},"modified":"2026-03-03T20:36:58","modified_gmt":"2026-03-04T01:36:58","slug":"noticias","status":"publish","type":"page","link":"https:\/\/carlosgonzalezr.com\/v02\/noticias\/","title":{"rendered":"Biograf\u00eda"},"content":{"rendered":"\t\t<div data-elementor-type=\"wp-page\" data-elementor-id=\"125\" class=\"elementor elementor-125\">\n\t\t\t\t<header class=\"elementor-element elementor-element-70dd7501 e-flex e-con-boxed e-con e-parent\" data-id=\"70dd7501\" data-element_type=\"container\" data-e-type=\"container\">\n\t\t\t\t\t<div class=\"e-con-inner\">\n\t\t<div class=\"elementor-element elementor-element-4e5898ab e-con-full e-flex e-con e-child\" data-id=\"4e5898ab\" data-element_type=\"container\" data-e-type=\"container\">\n\t\t\t\t<div class=\"elementor-element elementor-element-f48e5a3 elementor-widget-mobile__width-initial elementor-widget elementor-widget-image\" data-id=\"f48e5a3\" data-element_type=\"widget\" data-e-type=\"widget\" data-widget_type=\"image.default\">\n\t\t\t\t\t\t\t\t\t\t\t\t\t\t\t<img fetchpriority=\"high\" decoding=\"async\" width=\"683\" height=\"1024\" src=\"https:\/\/carlosgonzalezr.com\/v02\/wp-content\/uploads\/2026\/03\/Foto-retrato-carlos-gonzalez-ramirez-683x1024.png\" class=\"attachment-large size-large wp-image-311\" alt=\"\" srcset=\"https:\/\/carlosgonzalezr.com\/v02\/wp-content\/uploads\/2026\/03\/Foto-retrato-carlos-gonzalez-ramirez-683x1024.png 683w, https:\/\/carlosgonzalezr.com\/v02\/wp-content\/uploads\/2026\/03\/Foto-retrato-carlos-gonzalez-ramirez-200x300.png 200w, https:\/\/carlosgonzalezr.com\/v02\/wp-content\/uploads\/2026\/03\/Foto-retrato-carlos-gonzalez-ramirez-768x1151.png 768w, https:\/\/carlosgonzalezr.com\/v02\/wp-content\/uploads\/2026\/03\/Foto-retrato-carlos-gonzalez-ramirez-1025x1536.png 1025w, https:\/\/carlosgonzalezr.com\/v02\/wp-content\/uploads\/2026\/03\/Foto-retrato-carlos-gonzalez-ramirez.png 1334w\" sizes=\"(max-width: 683px) 100vw, 683px\" \/>\t\t\t\t\t\t\t\t\t\t\t\t\t\t\t<\/div>\n\t\t\t\t<\/div>\n\t\t\t\t<div class=\"elementor-element elementor-element-3727d40 elementor-widget__width-initial elementor-widget-tablet__width-initial elementor-widget elementor-widget-heading\" data-id=\"3727d40\" data-element_type=\"widget\" data-e-type=\"widget\" data-widget_type=\"heading.default\">\n\t\t\t\t\t<h2 class=\"elementor-heading-title elementor-size-default\">CARLOS GONZ\u00c1LEZ RAM\u00cdREZ<\/h2>\t\t\t\t<\/div>\n\t\t<div class=\"elementor-element elementor-element-7e8b50cb e-con-full e-flex e-con e-child\" data-id=\"7e8b50cb\" data-element_type=\"container\" data-e-type=\"container\">\n\t\t\t\t<div class=\"elementor-element elementor-element-fe771a5 elementor-widget elementor-widget-text-editor\" data-id=\"fe771a5\" data-element_type=\"widget\" data-e-type=\"widget\" data-widget_type=\"text-editor.default\">\n\t\t\t\t\t\t\t\t\t<p><strong>Carlos Gonz\u00e1lez Ram\u00edrez<\/strong> naci\u00f3 en Bellavista, Callao, en 1936, en un entorno familiar que resultar\u00eda fundamental en el desarrollo de su vocaci\u00f3n art\u00edstica. Desde temprana edad cont\u00f3 con el apoyo incondicional de su padre Ceferino Gonz\u00e1lez Domecq, m\u00e9dico de profesi\u00f3n, y de su t\u00eda Teresa Gonz\u00e1lez Domecq \u2014hermana de este\u2014 quienes alentaron sus inquietudes creativas cuando estas apenas comenzaban a manifestarse. Este respaldo temprano, sumado al est\u00edmulo recibido de sus maestros durante su etapa escolar, permiti\u00f3 que su inclinaci\u00f3n por el dibujo dejara de ser una pr\u00e1ctica espont\u00e1nea para convertirse, hacia la adolescencia, en una vocaci\u00f3n asumida con compromiso.<\/p><p>Su formaci\u00f3n como artista pl\u00e1stico en la pintura y la escultura se desarroll\u00f3 principalmente de manera autodidacta, basada en la observaci\u00f3n, el trabajo constante y la experimentaci\u00f3n personal. En paralelo, su acercamiento al dise\u00f1o gr\u00e1fico le proporcion\u00f3 herramientas t\u00e9cnicas que facilitaron su inserci\u00f3n en el \u00e1mbito profesional creativo.<\/p><p>En 1957, con la llegada de grandes agencias de publicidad al Per\u00fa, se incorpor\u00f3 a McCann Erickson Corp. \u2013 Lima como dise\u00f1ador. En ese contexto coincidi\u00f3 profesionalmente con el ilustrador argentino Guillermo Mordillo, quien formaba parte del equipo creativo de la agencia. Mordillo reconoci\u00f3 tempranamente el talento de Gonz\u00e1lez, y el contacto directo con su trabajo y metodolog\u00eda constituy\u00f3 una influencia significativa en su desarrollo, permiti\u00e9ndole ampliar su mirada y enriquecer su lenguaje dentro del campo del dise\u00f1o.<\/p><p>Posteriormente se desempe\u00f1\u00f3 como director de Arte en reconocidas agencias y estudios, entre ellos Norlop y Forum Publicidad en Quito.<\/p><p>En 1958 obtuvo el Premio al Afiche del Libro Brit\u00e1nico.<\/p><p>En 1959 fue galardonado con el Primer Premio al S\u00edmbolo de la Industria Peruana y el Primer Premio al Afiche Mariano en Arequipa.<\/p><p>En 1960 recibi\u00f3 el Primer Premio otorgado por la Compa\u00f1\u00eda de Comedias.<\/p><p>En 1964 obtuvo el Primer Premio del Congreso de Arquitectos del Per\u00fa, organizado por el Colegio de Arquitectos del Per\u00fa, e inici\u00f3 su labor docente. En 1967 colabor\u00f3 en la fundaci\u00f3n de la Escuela de Dise\u00f1o Gr\u00e1fico en la Facultad de Arquitectura de la Universidad Nacional de Ingenier\u00eda, desempe\u00f1\u00e1ndose como profesor fundador de esta especialidad.<\/p><p>En 1966 alcanz\u00f3 el Primer Premio por la Estampilla del Periodista; ese mismo a\u00f1o contrajo matrimonio con Viola R\u00edos de Gonz\u00e1lez, quien ser\u00eda su compa\u00f1era incondicional y un sost\u00e9n fundamental en su trayectoria, al creer en su trabajo y comprometerse tanto con su proceso creativo como con el apoyo constante a su labor art\u00edstica.<\/p><p>En 1967 recibi\u00f3 el Primer Premio al Afiche Tur\u00edstico en Mil\u00e1n, Italia.<\/p><p>En 1973 fue distinguido con el Primer Premio al S\u00edmbolo del Artesano.<\/p><p>Durante la d\u00e9cada de 1980 continu\u00f3 acumulando reconocimientos:<\/p><p>En 1983 recibi\u00f3 el Primer Premio otorgado por el Banco Mercantil,<br \/>y en 1985 el Primer Premio por el afiche \u201cAntonio Ricardo, 400 a\u00f1os de la imprenta en el Per\u00fa\u201d.<\/p><p>En 1984 fue profesor y fundador de la carrera de Dise\u00f1o Gr\u00e1fico en el Instituto Peruano de Publicidad.<\/p><p>En 1991 obtuvo el Primer Premio por el libro La Arena en Bogot\u00e1 y el Primer Premio en Edici\u00f3n Especializada en el Concurso<span style=\"font-size: 1rem;\">\u00a0Iberoamericano de tapa dura de arte e historia en Buenos Aires. En 1997 recibi\u00f3 el Premio PADIS al Dise\u00f1o organizado por el instituto Toulouse Lautrec. En 2003 fue reconocido con el Premio INDECOPI a la Trayectoria Profesional.<\/span><\/p><p><span style=\"font-size: 1rem;\">En 2005 obtuvo el Primer Premio en Escultura IPAE, Premio Hochschild. <\/span><\/p><p><span style=\"font-size: 1rem;\">En 2022 obtuvo premio en el Concurso Nacional de Dise\u00f1o. <\/span><\/p><p><span style=\"font-size: 1rem;\">En 2023 recibi\u00f3 el Premio Nacional de Industria.<\/span><\/p><p>La trayectoria de Gonz\u00e1lez constituye as\u00ed el resultado de una vocaci\u00f3n sostenida desde la juventud, nutrida por el apoyo familiar, la labor docente y una permanente b\u00fasqueda personal basada en la disciplina y el trabajo constante.<\/p><p><strong>Eugenia Mar\u00eda Abad\u00eda Gonz\u00e1lez\u00a0<\/strong><br \/>Curadora e investigadora<\/p><p><strong>Jonathan Mendoza Polo<\/strong><br \/>Fotograf\u00eda<\/p>\t\t\t\t\t\t\t\t<\/div>\n\t\t\t\t<\/div>\n\t\t\t\t\t<\/div>\n\t\t\t\t<\/header>\n\t\t<div class=\"elementor-element elementor-element-14ec7eb e-flex e-con-boxed e-con e-parent\" data-id=\"14ec7eb\" data-element_type=\"container\" data-e-type=\"container\" data-settings=\"{&quot;background_background&quot;:&quot;classic&quot;}\">\n\t\t\t\t\t<div class=\"e-con-inner\">\n\t\t\t\t<div class=\"elementor-element elementor-element-51c7d71 elementor-widget elementor-widget-heading\" data-id=\"51c7d71\" data-element_type=\"widget\" data-e-type=\"widget\" data-widget_type=\"heading.default\">\n\t\t\t\t\t<h3 class=\"elementor-heading-title elementor-size-default\">Premios y reconocimientos<\/h3>\t\t\t\t<\/div>\n\t\t\t\t<div class=\"elementor-element elementor-element-dc7507a elementor-widget-tablet__width-initial elementor-widget elementor-widget-text-editor\" data-id=\"dc7507a\" data-element_type=\"widget\" data-e-type=\"widget\" data-widget_type=\"text-editor.default\">\n\t\t\t\t\t\t\t\t\t<p><strong>1958<\/strong> \u2013 Premio al Afiche del Libro Brit\u00e1nico.<br \/><strong>1959<\/strong> \u2013 Primer Premio, S\u00edmbolo de la Industria Peruana.<br \/><strong>1959<\/strong> \u2013 Primer Premio, Afiche Mariano, Arequipa.<br \/><strong>1960<\/strong> \u2013 Primer Premio, Compa\u00f1\u00eda de Comedias.<br \/><strong>1964<\/strong> \u2013 Primer Premio, Congreso de Arquitectos del Per\u00fa, Colegio de Arquitectos del Per\u00fa.<br \/><strong>1966<\/strong> \u2013 Primer Premio, Estampilla Periodista.<br \/><strong>1967<\/strong> \u2013 Primer Premio, Afiche Tur\u00edstico, Mil\u00e1n, Italia.<br \/><strong>1970<\/strong> \u2013 Primer Premio, Feria de la Victoria.<br \/><strong>1970<\/strong> \u2013 Primer Premio, Monumento al General San Mart\u00edn y a la Expedici\u00f3n Libertadora de Paracas.<br \/><strong>1970<\/strong> \u2013 Primer Premio, Libro especializado \u201cEl Pisco\u201d, Par\u00eds.<br \/><strong>1973<\/strong> \u2013 Primer Premio, S\u00edmbolo del Artesano.<br \/><strong>1983<\/strong> \u2013 Primer Premio, Banco Mercantil.<br \/><strong>1985<\/strong> \u2013 Primer Premio, Afiche \u201cAntonio Ricardo, 400 a\u00f1os de la imprenta en el Per\u00fa\u201d.<br \/><strong>1991<\/strong> \u2013 Primer Premio, Libro de la Arena, Bogot\u00e1.<br \/><strong>1991<\/strong> \u2013 Primer Premio, Edici\u00f3n especializada, Concurso Iberoamericano de Tapa Dura de Arte e Historia, Buenos Aires.<br \/><strong>1997<\/strong> \u2013 Premio Par\u00eds, en memoria de La Positiva.<br \/><strong>2003<\/strong> \u2013 Premio INDECOPI a la Trayectoria Profesional.<br \/><strong>2005<\/strong> \u2013 Primer Premio, Escultura IPAE, Premio Luis Hochschild Plaut<\/p>\t\t\t\t\t\t\t\t<\/div>\n\t\t\t\t\t<\/div>\n\t\t\t\t<\/div>\n\t\t\t\t<\/div>\n\t\t","protected":false},"excerpt":{"rendered":"<p>CARLOS GONZ\u00c1LEZ RAM\u00cdREZ Carlos Gonz\u00e1lez Ram\u00edrez naci\u00f3 en Bellavista, Callao, en 1936, en un entorno familiar que resultar\u00eda fundamental en el desarrollo de su vocaci\u00f3n art\u00edstica. Desde temprana edad cont\u00f3 con el apoyo incondicional de su padre Ceferino Gonz\u00e1lez Domecq, m\u00e9dico de profesi\u00f3n, y de su t\u00eda Teresa Gonz\u00e1lez Domecq \u2014hermana de este\u2014 quienes alentaron [&hellip;]<\/p>\n","protected":false},"author":1,"featured_media":0,"parent":0,"menu_order":0,"comment_status":"closed","ping_status":"closed","template":"","meta":{"footnotes":""},"class_list":["post-125","page","type-page","status-publish","hentry"],"_links":{"self":[{"href":"https:\/\/carlosgonzalezr.com\/v02\/wp-json\/wp\/v2\/pages\/125","targetHints":{"allow":["GET"]}}],"collection":[{"href":"https:\/\/carlosgonzalezr.com\/v02\/wp-json\/wp\/v2\/pages"}],"about":[{"href":"https:\/\/carlosgonzalezr.com\/v02\/wp-json\/wp\/v2\/types\/page"}],"author":[{"embeddable":true,"href":"https:\/\/carlosgonzalezr.com\/v02\/wp-json\/wp\/v2\/users\/1"}],"replies":[{"embeddable":true,"href":"https:\/\/carlosgonzalezr.com\/v02\/wp-json\/wp\/v2\/comments?post=125"}],"version-history":[{"count":26,"href":"https:\/\/carlosgonzalezr.com\/v02\/wp-json\/wp\/v2\/pages\/125\/revisions"}],"predecessor-version":[{"id":315,"href":"https:\/\/carlosgonzalezr.com\/v02\/wp-json\/wp\/v2\/pages\/125\/revisions\/315"}],"wp:attachment":[{"href":"https:\/\/carlosgonzalezr.com\/v02\/wp-json\/wp\/v2\/media?parent=125"}],"curies":[{"name":"wp","href":"https:\/\/api.w.org\/{rel}","templated":true}]}}